of 20 and 62420.
20
What is the highest common divisor of 2641 and 7506?
139
What is the highest common divisor of 21 and 4137?
21
What is the greatest common divisor of 15834 and 2142?
42
What is the greatest common factor of 18408 and 96?
24
What is the greatest common factor of 4961 and 8767?
11
What is the highest common divisor of 57 and 475?
19
Calculate the greatest common divisor of 17266 and 2134.
194
Calculate the highest common divisor of 475 and 380665.
95
What is the greatest common factor of 118 and 9538?
2
Calculate the greatest common divisor of 2072 and 14652.
148
Calculate the highest common factor of 15385 and 51.
17
What is the highest common factor of 300 and 183840?
60
Calculate the highest common divisor of 148512 and 144.
48
Calculate the greatest common factor of 943503 and 66.
33
Calculate the highest common divisor of 48654 and 714.
102
What is the highest common divisor of 123329 and 19?
19
Calculate the greatest common factor of 15444 and 2376.
1188
Calculate the highest common factor of 105386 and 5214.
158
What is the greatest common factor of 1380410 and 10?
10
What is the highest common factor of 16408 and 728?
56
What is the highest common factor of 1869 and 40761?
21
Calculate the greatest common divisor of 126316 and 460.
92
What is the greatest common factor of 61676 and 1020?
68
What is the greatest common divisor of 1173623 and 11?
11
What is the greatest common factor of 540 and 4224?
12
Calculate the greatest common divisor of 394424 and 13637.
1049
Calculate the highest common divisor of 44802 and 29606.
262
What is the highest common factor of 154 and 9058?
14
What is the greatest common factor of 12257 and 238?
119
What is the greatest common divisor of 28 and 108556?
28
What is the highest common factor of 198 and 1490?
2
What is the highest common factor of 304 and 284?
4
Calculate the highest common factor of 455836 and 249.
83
Calculate the greatest common factor of 6118 and 161.
161
Calculate the highest common divisor of 126 and 1024443.
63
Calculate the greatest common divisor of 390 and 42315.
195
What is the greatest common factor of 7760 and 1085624?
776
Calculate the greatest common factor of 130 and 555880.
130
Calculate the highest common divisor of 470237 and 278.
139
What is the greatest common divisor of 748 and 7348?
44
What is the greatest common divisor of 423 and 8082?
9
What is the highest common factor of 88909 and 201?
67
Calculate the greatest common divisor of 801082 and 1614.
538
Calculate the greatest common divisor of 1487380 and 620.
620
Calculate the greatest common factor of 2697 and 2201.
31
What is the highest common factor of 741 and 1311?
57
Calculate the greatest common factor of 257576 and 44.
44
Calculate the greatest common factor of 5044 and 7663.
97
Calculate the highest common factor of 108757 and 22.
11
Calculate the highest common divisor of 35814 and 846.
282
Calculate the greatest common divisor of 308 and 880.
44
What is the highest common divisor of 96 and 4638?
6
What is the highest common divisor of 13692 and 1092?
84
What is the highest common divisor of 2451 and 4332?
57
What is the greatest common factor of 39 and 142181?
13
What is the greatest common divisor of 150 and 624820?
10
Calculate the highest common factor of 38 and 98534.
38
What is the greatest common factor of 1272 and 267?
3
Calculate the highest common factor of 2433 and 25.
1
Calculate the highest common divisor of 36 and 600354.
18
What is the highest common factor of 191644 and 32?
4
Calculate the greatest common factor of 1248 and 134238.
78
What is the greatest common factor of 574 and 420?
14
What is the greatest common factor of 928 and 24708?
116
Calculate the highest common factor of 11145 and 1555.
5
What is the highest common factor of 30 and 13230?
30
What is the highest common factor of 1450987 and 118?
59
Calculate the highest common divisor of 70993 and 416.
13
Calculate the highest common factor of 42 and 650706.
42
Calculate the highest common factor of 3632 and 23328.
16
Calculate the highest common factor of 500640 and 140.
140
Calculate the highest common divisor of 3451710 and 10.
10
Calculate the greatest common factor of 4125 and 1578.
3
Calculate the greatest common divisor of 1248476 and 428.
428
Calculate the greatest common divisor of 17845 and 5590.
215
What is the greatest common factor of 13460 and 10?
10
Calculate the highest common factor of 6608 and 649.
59
What is the highest common factor of 336 and 773360?
112
What is the greatest common divisor of 148297 and 82?
41
Calculate the highest common factor of 153 and 557379.
153
What is the highest common factor of 931 and 14139097?
931
Calculate the highest common factor of 65554 and 292.
146
What is the greatest common divisor of 139328 and 4704?
224
Calculate the highest common factor of 365 and 10512.
73
What is the highest common factor of 1593 and 930489?
177
Calculate the greatest common divisor of 494 and 1001.
13
What is the highest common factor of 11223251 and 1049?
1049
What is the highest common divisor of 1414 and 2752?
2
Calculate the highest common divisor of 176 and 2519.
11
What is the greatest common factor of 68093 and 5662?
149
Calculate the highest common divisor of 548394 and 1386.
462
What is the greatest common factor of 458 and 15343?
229
What is the highest common divisor of 548739 and 342?
171
Calculate the highest common divisor of 6725321 and 953.
953
Calculate the highest common divisor of 42 and 951.
3
Calculate the greatest common factor of 702 and 40794.
78
Calculate the greatest common factor of 62 and 7688155.
31
What is the highest common factor of 1373372 and 196?
196
What is the highest common divisor of 341 and 68750?
11
Calculate the greatest common factor of 812 and 3136.
28
What is the highest common divisor of 2674371 and 21?
21
What is the greatest common divisor of 148 and 164?
4
What is the greatest common divisor of 83166 and 2241?
249
What is the greatest common factor of 1690 and 6760?
1690
Calculate the highest common factor of 1341988 and 452.
452
Calculate the greatest common factor of 7245 and 225.
45
Calculate the greatest common divisor of 68658 and 78.
6
Calculate the greatest common factor of 310098 and 48.
6
Calculate the greatest common divisor of 3478568 and 8.
8
What is the highest common divisor of 71 and 242252?
71
What is the greatest common factor of 57419 and 536?
67
What is the highest common divisor of 81300 and 1500?
300
Calculate the greatest common divisor of 71982 and 130419.
387
Calculate the greatest common divisor of 191285 and 15.
5
What is the highest common factor of 1360335 and 115?
115
Calculate the highest common factor of 24 and 693016.
8
Calculate the greatest common factor of 2211 and 25929.
201
What is the greatest common factor of 56 and 63588?
28
Calculate the highest common divisor of 8448 and 144.
48
What is the highest common factor of 3049107 and 1461?
1461
Calculate the highest common factor of 39556 and 572.
44
Calculate the highest common divisor of 20838 and 327066.
906
Calculate the greatest common factor of 78664 and 8.
8
Calculate the highest common divisor of 1273 and 20843.
19
What is the highest common factor of 184 and 180872?
184
What is the greatest common factor of 50252 and 43601?
739
What is the greatest common divisor of 61992 and 4692?
12
What is the greatest common factor of 32 and 3231968?
32
Calculate the greatest common factor of 94806 and 92.
46
Calculate the greatest common divisor of 406 and 1178618.
406
What is the highest common divisor of 1410 and 53674?
94
Calculate the highest common divisor of 36 and 3028416.
12
Calculate the highest common divisor of 367691 and 957.
29
Calculate the highest common factor of 27 and 44364.
3
Calculate the highest common factor of 102 and 29648.
34
Calculate the greatest common factor of 15110 and 870.
10
What is the highest common factor of 5463 and 123221?
607
What is the greatest common factor of 137624 and 24?
8
Calculate the highest common factor of 2701 and 438.
73
Calculate the greatest common factor of 813735 and 1070.
535
What is the highest common divisor of 1848 and 5208?
168
What is the highest common divisor of 171 and 161481?
57
Wh